remainder when n(5) is divided by c(3)?
8
Let h(s) = s**3 + 2*s**2 - 4*s - 3. Let k be h(-3). Suppose k*i + 2*i = 28. Let u(q) = 2*q**2 + 5*q - 4. Calculate the remainder when i is divided by u(-4).
6
Let i(k) = -3*k**3 + k + 4. Let y(z) = -z**2 + 2. Let q be y(-2). What is the remainder when i(q) is divided by 9?
8
Let i = 1 - 9. What is the remainder when i/(5 - 1) - -49 is divided by 17?
13
Suppose b + 62 - 4 = 3*y, 3*y + 3*b = 42. Calculate the remainder when y is divided by 5.
3
Let g(c) = c**2 + c - 3. Suppose -6*i + 4*i = -4. Suppose -i*r + 4*t - t + 81 = 0, 4*r = 4*t + 152. What is the remainder when r is divided by g(-5)?
16
Let m be 2/6 - 14/(-3). Let g = -17 + 53. Suppose -4*p = 4*b - g, -b - 27 = -m*p - 0*b. Calculate the remainder when p is divided by 4.
2
Suppose 828 = 5*j + 153. What is the remainder when j is divided by 46?
43
Suppose s - 16 = 3*r, 5*r - 13 + 53 = 3*s. Calculate the remainder when s is divided by 3.
1
Suppose 1 = -3*m + 34. What is the remainder when m is divided by 4?
3
Suppose -3 = 4*a - 11. Suppose 41 + 11 = a*d. Calculate the remainder when d is divided by 14.
12
Suppose 2*r + 2*u = 16, 0 = 2*r - 2*u + 7*u - 13. Suppose -3*b = 0, 5*g - 2*b = -7*b + 165. What is the remainder when g is divided by r?
6
Suppose -4*j + 20 + 72 = 0. What is the remainder when j is divided by 13?
10
Let f = -40 + 54. What is the remainder when 27 is divided by f?
13
Let z be 3/6*-2 + 0. Calculate the remainder when 34 is divided by -3*(z - (4 + -1)).
10
Let f = -6 - -8. Let x be -1 + 2*f/(-4). What is the remainder when x/4 + 225/6 is divided by 13?
11
Suppose -c + 42 = 2*c. Let t(u) = -2*u**3 - 4*u - 3*u**2 - 2*u + 4*u - 3. What is the remainder when c is divided by t(-2)?
4
Suppose -g - g = 0. Suppose -s + g*s + 7 = 0. What is the remainder when (-2)/(-7) - 89/(-7) is divided by s?
6
Let j = 162 - 87. Calculate the remainder when j is divided by 26.
23
Calculate the remainder when 1*(51 + (-1 - -3)) is divided by 11.
9
Suppose 0 = -3*r + 1 + 5. Suppose -r*m + 3*b + 11 = -3, 5*m = -5*b + 85. What is the remainder when m is divided by 5?
3
Let s be 3/(-6)*-18*3. Suppose -s - 16 = -4*b + 3*a, 3*a = -4*b + 61. Let v = 11 + -4. What is the remainder when b is divided by v?
6
Suppose 0*y = -7*y + 133. What is the remainder when 54 is divided by y?
16
Let g = -197 + 225. What is the remainder when g is divided by 15?
13
Suppose -11*n + 19*n - 8 = 0. Let h = 2 + -1. What is the remainder when 0*1/(-2) + h is divided by n?
0
Suppose -u - 4*u + 20 = 5*x, 2*u - 4*x - 20 = 0. Let a = u - 3. Let c = a + 2. What is the remainder when c is divided by 3?
2
Suppose 0 = -4*q - 7 + 71. Calculate the remainder when 29 is divided by q.
13
Suppose -5*a = -5*n - 0*a + 250, 0 = n + 5*a - 44. What is the remainder when 97 is divided by n?
48
Calculate the remainder when 58 is divided by (3 - 5)*(-20)/2.
18
Let j = 74 - 21. Suppose -j - 3 = -4*f. Calculate the remainder when 26 is divided by f.
12
Let r = 9 - -1. Calculate the remainder when r is divided by 2/(-13) + (-533)/(-169).
1
Suppose 5*q - 4*f = 135, 0 = -q - f - 3*f + 27. Calculate the remainder when q is divided by 6/(-4)*(-160)/24.
7
Let s(h) = -h - 8. Let m be s(-10). Suppose -4 = k - m*g - 0, 2*g - 10 = 0. Calculate the remainder when 15 is divided by k.
3
Let y(g) = 5*g. Let u be y(1). Suppose 1 = -k + 2*i, -u*k + 19 = 2*i - 0. What is the remainder when 7 is divided by k?
1
What is the remainder when (-66)/(-1 - (1 - 0)) is divided by 10?
3
Let j = 26 - 15. Suppose -j*f = -10*f - 14. Let o(v) = 6*v**2 + 5*v + 2. What is the remainder when o(-3) is divided by f?
13
Let i(v) = -v**2 - 7*v + 10. Let p be i(-8). Let a be -1*p/5*10. Let k = -2 - a. What is the remainder when 2 is divided by k?
0
Let y be (-3)/6 - (-183)/2. Suppose -3*m = 2*a - 32 + 134, 0 = -4*a + 4*m - 244. Let g = y + a. What is the remainder when g is divided by 12?
10
What is the remainder when 38 is divided by 6*(-39)/(-24) + (-3)/(-12)?
8
Let s(i) = 3*i + 5. Let c be s(8). Let v = c + -16. Calculate the remainder when v is divided by 5.
3
Let g(u) = -u**2 + 3*u + 8. Let z be g(4). Suppose -5*f = x + z*x - 55, 3*x = f + 45. Calculate the remainder when 41 is divided by x.
13
Suppose 4*m + 59 = 3*o, 5*m - 2*o + 27 + 38 = 0. Let h = 2 - m. Calculate the remainder when h is divided by 4.
1
Let d = 3 + -3. Suppose 0 = -5*n - y - y + 13, 3*n + 2*y - 11 = d. Calculate the remainder when 13 is divided by n - -4 - (4 + -3).
1
Let g = 12 + -9. Suppose 0*h + g*h - 21 = 0. What is the remainder when 18 is divided by h?
4
Let i(n) = 3*n + 41. Calculate the remainder when i(11) is divided by 11.
8
What is the remainder when 56 is divided by (2 + -1)/((-7)/(-133))?
18
Let i = -14 - -20. Suppose -i = 5*o - 51. What is the remainder when o is divided by 6?
3
Suppose p + 0*p + 3*v - 8 = 0, -3*p = 4*v - 19. Suppose 8 = -o + 3*g, 2*g + 12 = -5*o + 3*g. What is the remainder when p is divided by o/3 - 22/(-6)?
2
Let s(y) = 3*y**2 - 3. Suppose -50 = -5*z + 3*z. What is the remainder when z is divided by s(-2)?
7
Let d(a) = -8*a + 71. Let b = -7 + 26. Calculate the remainder when b is divided by d(8).
5
Let b = 1 - -4. Let a = b - 2. Suppose -2*k - f - 4*f = -12, -a*k + 23 = 5*f. Calculate the remainder when 20 is divided by k.
9
Let x = -12 + 6. What is the remainder when (-9)/(-6)*20/3 is divided by x*1*(-1 + 0)?
4
Let x(j) = j**2 - 16*j + 12. Calculate the remainder when 19 is divided by x(16).
7
Suppose -28 = -3*m + 2*c, -5*c - 1 = 24. Let z = 6 - 4. Let p = z + 7. Calculate the remainder when p is divided by m.
3
Let k(w) = w**2 + 9*w + 12. Let t be k(-8). Suppose 4*l - t = -0*l. Let q(u) = 58*u**2. What is the remainder when q(l) is divided by 20?
18
Suppose 2*p - 35 = -3*p. What is the remainder when (-22)/4*(-1 + -1) is divided by p?
4
Let l be 46/(-14) - (-2)/7. Calculate the remainder when 32 is divided by 1 + l + (-38)/(-2).
15
Let n be ((-56)/(-6))/((-4)/(-42)). Suppose 5*d - n = -z, -2*d - 5*z - 11 = -41. What is the remainder when d is divided by 11?
9
Calculate the remainder when ((-8)/12)/(10/(-45)) is divided by 3.
0
Suppose 0 = -w - 3*w + 148. Let d be (10/(-15))/((-2)/123). Suppose 5*y + d = 106. What is the remainder when w is divided by y?
11
Let v(c) = 2*c + 79. What is the remainder when v(0) is divided by 27?
25
Let j(a) = 4*a. Let u be j(1). Suppose u*n - 171 = 61. What is the remainder when n is divided by 20?
18
Suppose 30 = 4*q + q. Suppose -3*s = -q*s + 27. What is the remainder when s is divided by 5?
4
Let s(u) = u**3 - 4*u**2 - 6*u + 6. Calculate the remainder when s(5) is divided by -8 + 246/30 + (-8)/(-10).
0
Let s = 67 - 39. What is the remainder when 108 is divided by s?
24
Let c(u) = 8*u - 8. Let k(m) = -m**2 + m. Let r(a) = -c(a) - k(a). Calculate the remainder when r(11) is divided by 11.
8
Suppose 4*k = p - 0*p - 48, 0 = -4*p + 2*k + 262. Let h(s) = 22*s**3 + 1. What is the remainder when p is divided by h(1)?
22
Let b = 23 + -20. Suppose -108 = -6*v + b*v. Calculate the remainder when v is divided by 19.
17
Let q = -23 - -75. What is the remainder when q is divided by (-110)/(-6) - (-1)/(-3)?
16
Let f = -15 + 20. What is the remainder when f is divided by (-1)/((1 - 0)/(-4))?
1
Suppose 80 = 8*t + 2*t. What is the remainder when 12 is divided by t?
4
Suppose -4*b + 7*b - 21 = 0. What is the remainder when b is divided by 4?
3
Let a = 122 + -105. What is the remainder when a is divided by 8?
1
Let i(o) = 4*o**2 + 3*o + 3. Calculate the remainder when i(-3) is divided by 8.
6
Suppose -3*b - 12 = 0, t - 2*t + 76 = -b. What is the remainder when t is divided by 15?
12
Suppose -4*d + 26 = 2*z, 3*z - 2*d + d - 11 = 0. Suppose -2*i + z - 1 = 0. Calculate the remainder when i is divided by 2.
0
Let s(n) = -n**3 - 7*n**2 - 9*n - 6. Let q(p) = 8*p**2 - p. What is the remainder when q(-2) is divided by s(-6)?
10
Let h(i) = 2*i**2 + 5*i - 7. What is the remainder when h(-5) is divided by 10?
8
Let q be 8/10*115/2. Let j = q - 31. Calculate the remainder when 2/(-10) - (-141)/5 is divided by j.
13
Suppose -27*p + 896 = -19*p. What is the remainder when p is divided by 19?
17
Let s = -31 - 17. What is the remainder when 4/(-24)*2*s is divided by 6?
4
Suppose -5*z + 2*z + 6 = 0, -g + 9 = 3*z. Suppose g*p - 45 = -2